{"id":4573,"date":"2023-07-07T11:45:17","date_gmt":"2023-07-07T09:45:17","guid":{"rendered":"https:\/\/visitvisp.ch\/?page_id=4573"},"modified":"2026-03-25T09:49:59","modified_gmt":"2026-03-25T08:49:59","slug":"markthaeuschen","status":"publish","type":"page","link":"https:\/\/visitvisp.ch\/en\/netzwerk\/markthaeuschen\/","title":{"rendered":"Markth\u00e4uschen"},"content":{"rendered":"<p>[et_pb_section fb_built=&#8221;1&#8243; module_class=&#8221;hero-section page-hero-section-image&#8221; _builder_version=&#8221;4.27.0&#8243; _module_preset=&#8221;default&#8221; background_image=&#8221;https:\/\/visitvisp.ch\/wp-content\/uploads\/2022\/01\/MG_0619.jpg&#8221; saved_tabs=&#8221;all&#8221; locked=&#8221;off&#8221; global_colors_info=&#8221;{}&#8221;][et_pb_row _builder_version=&#8221;4.16&#8243; _module_preset=&#8221;default&#8221; global_colors_info=&#8221;{}&#8221;][et_pb_column type=&#8221;4_4&#8243; _builder_version=&#8221;4.16&#8243; _module_preset=&#8221;default&#8221; global_colors_info=&#8221;{}&#8221;][et_pb_text _builder_version=&#8221;4.17.4&#8243; _module_preset=&#8221;default&#8221; global_colors_info=&#8221;{}&#8221;]<\/p>\n<h1>Markth\u00e4uschen<\/h1>\n<p>[\/et_pb_text][\/et_pb_column][\/et_pb_row][\/et_pb_section][et_pb_section fb_built=&#8221;1&#8243; module_class=&#8221;elementColor-grey400&#8243; _builder_version=&#8221;4.16&#8243; _module_preset=&#8221;default&#8221; global_colors_info=&#8221;{}&#8221;][et_pb_row _builder_version=&#8221;4.16&#8243; _module_preset=&#8221;default&#8221; global_colors_info=&#8221;{}&#8221;][et_pb_column type=&#8221;4_4&#8243; _builder_version=&#8221;4.16&#8243; _module_preset=&#8221;default&#8221; global_colors_info=&#8221;{}&#8221;][et_pb_text module_class=&#8221;font-weight-400&#8243; _builder_version=&#8221;4.24.3&#8243; _module_preset=&#8221;default&#8221; global_colors_info=&#8221;{}&#8221;]<\/p>\n<h4>F\u00fcr kleinere Anl\u00e4sse oder auch gr\u00f6ssere Veranstaltungen k\u00f6nnen passende Markth\u00e4uschen bei uns gemietet werden.<\/h4>\n<p>[\/et_pb_text][\/et_pb_column][\/et_pb_row][\/et_pb_section][et_pb_section fb_built=&#8221;1&#8243; _builder_version=&#8221;4.16&#8243; _module_preset=&#8221;default&#8221; locked=&#8221;off&#8221; global_colors_info=&#8221;{}&#8221;][et_pb_row _builder_version=&#8221;4.16&#8243; _module_preset=&#8221;default&#8221; global_colors_info=&#8221;{}&#8221;][et_pb_column type=&#8221;4_4&#8243; _builder_version=&#8221;4.16&#8243; _module_preset=&#8221;default&#8221; global_colors_info=&#8221;{}&#8221;][et_pb_text _builder_version=&#8221;4.20.0&#8243; _module_preset=&#8221;default&#8221; global_colors_info=&#8221;{}&#8221;]<\/p>\n<h1>Vermietung\u00a0 Markth\u00e4uschen\u00a0<strong><\/strong><\/h1>\n<p>[\/et_pb_text][\/et_pb_column][\/et_pb_row][et_pb_row column_structure=&#8221;1_2,1_2&#8243; _builder_version=&#8221;4.16&#8243; _module_preset=&#8221;default&#8221; global_colors_info=&#8221;{}&#8221;][et_pb_column type=&#8221;1_2&#8243; _builder_version=&#8221;4.16&#8243; _module_preset=&#8221;default&#8221; global_colors_info=&#8221;{}&#8221;][et_pb_text _builder_version=&#8221;4.21.0&#8243; _module_preset=&#8221;default&#8221; global_colors_info=&#8221;{}&#8221;]<\/p>\n<h4>Masse vom Markth\u00e4uschen<\/h4>\n<p>Die Vielseitigkeit und Verwendungsm\u00f6glichkeiten machen unsere charmanten Markth\u00e4uschen bei den Ausstellern wie aber auch bei den Organisatoren insbesondere im Oberwallis \u00e4usserst beliebt. Sie sind witterungsbest\u00e4ndig und robust. Somit k\u00f6nnen sie \u00fcberall eingesetzt werden. Eine Baubewilligung ist f\u00fcr die H\u00e4uschen nicht n\u00f6tig.<\/p>\n<p>&nbsp;<\/p>\n<p>L\u00e4nge: 2.6 Meter<\/p>\n<p>Breite: 1.6 Meter<\/p>\n<p>H\u00f6he: 2.5 Meter<\/p>\n<p>&nbsp;<\/p>\n<p>[\/et_pb_text][et_pb_button button_url=&#8221;https:\/\/visitvisp.ch\/wp-content\/uploads\/2025\/08\/202508_Handout_Markthaeuschen_VGT.pdf&#8221; url_new_window=&#8221;on&#8221; button_text=&#8221;Plan Markth\u00e4uschen&#8221; module_class=&#8221;vv-et-btn-accent-outline-light&#8221; _builder_version=&#8221;4.27.0&#8243; _module_preset=&#8221;default&#8221; locked=&#8221;off&#8221; global_colors_info=&#8221;{}&#8221;][\/et_pb_button][\/et_pb_column][et_pb_column type=&#8221;1_2&#8243; _builder_version=&#8221;4.16&#8243; _module_preset=&#8221;default&#8221; global_colors_info=&#8221;{}&#8221;][et_pb_text module_class=&#8221;vv-simple-table&#8221; _builder_version=&#8221;4.23.1&#8243; _module_preset=&#8221;default&#8221; global_colors_info=&#8221;{}&#8221;]<\/p>\n<h4><\/h4>\n<table class=\"fwelement fwtable fwtable0 \" height=\"262\" cellspacing=\"0\" cellpadding=\"0\" style=\"width: 416px;\">\n<tbody>\n<tr>\n<th style=\"width: 412px;\" colspan=\"2\">Preis (pro Tag\/pro H\u00e4uschen)<\/th>\n<\/tr>\n<tr>\n<td class=\"i0 c0 r2 f\" style=\"width: 260.344px;\">1-3 Tage<\/td>\n<td class=\"i0 c1 r2\" style=\"width: 149.656px;\">CHF 64.\u2013<\/td>\n<\/tr>\n<\/tbody>\n<\/table>\n<p>zzgl. einer Auftragspauschale von 80.-<\/p>\n<p>Beim Mietpreis sind die Transportkosten nicht inklusiv.<\/p>\n<p><a href=\"mailto:info@visp.ch\" target=\"_blank\" rel=\"noopener\"><\/a>Ab drei Tagen oder f\u00fcr Partner VGT erstellen wir f\u00fcr Sie eine individuelle Offerte.<\/p>\n<p>[\/et_pb_text][et_pb_text _builder_version=&#8221;4.17.4&#8243; _module_preset=&#8221;default&#8221; global_colors_info=&#8221;{}&#8221;]<\/p>\n<p>&#8211;&gt;\u00a0<a href=\"mailto:info@visp.ch\" target=\"_blank\" rel=\"noopener\">Offertenanfrage<\/a><\/p>\n<p>[\/et_pb_text][\/et_pb_column][\/et_pb_row][et_pb_row column_structure=&#8221;1_4,1_4,1_4,1_4&#8243; _builder_version=&#8221;4.16&#8243; _module_preset=&#8221;default&#8221; global_colors_info=&#8221;{}&#8221;][et_pb_column type=&#8221;1_4&#8243; _builder_version=&#8221;4.16&#8243; _module_preset=&#8221;default&#8221; global_colors_info=&#8221;{}&#8221;][et_pb_image src=&#8221;https:\/\/visitvisp.ch\/wp-content\/uploads\/2026\/02\/Markthaeuschen-VGT-04_Bahnhofstrasse-Visp_Weihnachten.jpg&#8221; title_text=&#8221;Markth\u00e4uschen-VGT-04_Bahnhofstrasse-Visp_Weihnachten&#8221; module_class=&#8221;vv-image-wide&#8221; _builder_version=&#8221;4.27.4&#8243; _module_preset=&#8221;default&#8221; hover_enabled=&#8221;0&#8243; global_colors_info=&#8221;{}&#8221; sticky_enabled=&#8221;0&#8243;][\/et_pb_image][\/et_pb_column][et_pb_column type=&#8221;1_4&#8243; _builder_version=&#8221;4.16&#8243; _module_preset=&#8221;default&#8221; global_colors_info=&#8221;{}&#8221;][et_pb_image src=&#8221;https:\/\/visitvisp.ch\/wp-content\/uploads\/2025\/08\/Visper_Weihnachtsevent_SA_2011_145-2-scaled.jpg&#8221; title_text=&#8221;Visper_Weihnachtsevent_SA_2011_145-2&#8243; align=&#8221;center&#8221; module_class=&#8221;vv-image-wide&#8221; _builder_version=&#8221;4.27.0&#8243; _module_preset=&#8221;default&#8221; global_colors_info=&#8221;{}&#8221;][\/et_pb_image][\/et_pb_column][et_pb_column type=&#8221;1_4&#8243; _builder_version=&#8221;4.16&#8243; _module_preset=&#8221;default&#8221; global_colors_info=&#8221;{}&#8221;][et_pb_image src=&#8221;https:\/\/visitvisp.ch\/wp-content\/uploads\/2026\/03\/\u00a9chrissiest_LB2025XmasMarkt_1270-2-scaled.jpg&#8221; title_text=&#8221;\u00a9chrissiest_LB2025XmasMarkt_1270-2&#8243; align=&#8221;center&#8221; module_class=&#8221;vv-image-wide&#8221; _builder_version=&#8221;4.27.4&#8243; _module_preset=&#8221;default&#8221; hover_enabled=&#8221;0&#8243; global_colors_info=&#8221;{}&#8221; url_new_window=&#8221;on&#8221; sticky_enabled=&#8221;0&#8243; admin_label=&#8221;\u00a9chrissiest&#8221;][\/et_pb_image][\/et_pb_column][et_pb_column type=&#8221;1_4&#8243; _builder_version=&#8221;4.16&#8243; _module_preset=&#8221;default&#8221; global_colors_info=&#8221;{}&#8221;][et_pb_image src=&#8221;https:\/\/visitvisp.ch\/wp-content\/uploads\/2026\/03\/\u00a9chrissiest_LB2025XmasMarkt_1266-2-scaled.jpg&#8221; title_text=&#8221;\u00a9chrissiest_LB2025XmasMarkt_1266-2&#8243; module_class=&#8221;vv-image-wide&#8221; _builder_version=&#8221;4.27.4&#8243; _module_preset=&#8221;default&#8221; hover_enabled=&#8221;0&#8243; global_colors_info=&#8221;{}&#8221; url_new_window=&#8221;on&#8221; sticky_enabled=&#8221;0&#8243; admin_label=&#8221;\u00a9chrissiest&#8221;][\/et_pb_image][\/et_pb_column][\/et_pb_row][et_pb_row column_structure=&#8221;1_4,1_4,1_4,1_4&#8243; _builder_version=&#8221;4.16&#8243; _module_preset=&#8221;default&#8221; global_colors_info=&#8221;{}&#8221;][et_pb_column type=&#8221;1_4&#8243; _builder_version=&#8221;4.16&#8243; _module_preset=&#8221;default&#8221; global_colors_info=&#8221;{}&#8221;][et_pb_image src=&#8221;https:\/\/visitvisp.ch\/wp-content\/uploads\/2026\/03\/\u00a9chrissiest_LB2025XmasMarkt_1083-2-scaled.jpg&#8221; title_text=&#8221;\u00a9chrissiest_LB2025XmasMarkt_1083-2&#8243; module_class=&#8221;vv-image-wide&#8221; _builder_version=&#8221;4.27.4&#8243; _module_preset=&#8221;default&#8221; hover_enabled=&#8221;0&#8243; global_colors_info=&#8221;{}&#8221; url_new_window=&#8221;on&#8221; sticky_enabled=&#8221;0&#8243; admin_label=&#8221;\u00a9chrissiest&#8221;][\/et_pb_image][\/et_pb_column][et_pb_column type=&#8221;1_4&#8243; _builder_version=&#8221;4.16&#8243; _module_preset=&#8221;default&#8221; global_colors_info=&#8221;{}&#8221;][et_pb_image src=&#8221;https:\/\/visitvisp.ch\/wp-content\/uploads\/2026\/03\/\u00a9chrissiest_LB2025XmasMarkt_1114-2-scaled.jpg&#8221; title_text=&#8221;\u00a9chrissiest_LB2025XmasMarkt_1114-2&#8243; module_class=&#8221;vv-image-wide&#8221; _builder_version=&#8221;4.27.4&#8243; _module_preset=&#8221;default&#8221; hover_enabled=&#8221;0&#8243; global_colors_info=&#8221;{}&#8221; url_new_window=&#8221;on&#8221; sticky_enabled=&#8221;0&#8243; admin_label=&#8221;\u00a9chrissiest&#8221;][\/et_pb_image][\/et_pb_column][et_pb_column type=&#8221;1_4&#8243; _builder_version=&#8221;4.16&#8243; _module_preset=&#8221;default&#8221; global_colors_info=&#8221;{}&#8221;][et_pb_image src=&#8221;https:\/\/visitvisp.ch\/wp-content\/uploads\/2026\/02\/202506-05_Markthaeuschen-VGT_\u00a9MarcoGodat.jpg&#8221; title_text=&#8221;202506-05_Markth\u00e4uschen-VGT_\u00a9MarcoGodat&#8221; align=&#8221;center&#8221; module_class=&#8221;vv-image-wide&#8221; _builder_version=&#8221;4.27.4&#8243; _module_preset=&#8221;default&#8221; global_colors_info=&#8221;{}&#8221;][\/et_pb_image][\/et_pb_column][et_pb_column type=&#8221;1_4&#8243; _builder_version=&#8221;4.16&#8243; _module_preset=&#8221;default&#8221; global_colors_info=&#8221;{}&#8221;][et_pb_image src=&#8221;https:\/\/visitvisp.ch\/wp-content\/uploads\/2025\/08\/202506-02_Markthaeuschen-VGT.jpg&#8221; title_text=&#8221;202506-02_Markth\u00e4uschen-VGT&#8221; module_class=&#8221;vv-image-wide&#8221; _builder_version=&#8221;4.27.0&#8243; _module_preset=&#8221;default&#8221; global_colors_info=&#8221;{}&#8221;][\/et_pb_image][\/et_pb_column][\/et_pb_row][\/et_pb_section]<\/p>\n","protected":false},"excerpt":{"rendered":"<p>Markth\u00e4uschenF\u00fcr kleinere Anl\u00e4sse oder auch gr\u00f6ssere Veranstaltungen k\u00f6nnen passende Markth\u00e4uschen bei uns gemietet werden.Vermietung\u00a0 Markth\u00e4uschen\u00a0Masse vom Markth\u00e4uschen Die Vielseitigkeit und Verwendungsm\u00f6glichkeiten machen unsere charmanten Markth\u00e4uschen bei den Ausstellern wie aber auch bei den Organisatoren insbesondere im Oberwallis \u00e4usserst beliebt. Sie sind witterungsbest\u00e4ndig und robust. Somit k\u00f6nnen sie \u00fcberall eingesetzt werden. Eine Baubewilligung ist f\u00fcr die [&hellip;]<\/p>\n","protected":false},"author":5,"featured_media":0,"parent":396,"menu_order":0,"comment_status":"closed","ping_status":"closed","template":"","meta":{"_et_pb_use_builder":"on","_et_pb_old_content":"","_et_gb_content_width":"","footnotes":""},"class_list":["post-4573","page","type-page","status-publish","hentry"],"_links":{"self":[{"href":"https:\/\/visitvisp.ch\/en\/wp-json\/wp\/v2\/pages\/4573","targetHints":{"allow":["GET"]}}],"collection":[{"href":"https:\/\/visitvisp.ch\/en\/wp-json\/wp\/v2\/pages"}],"about":[{"href":"https:\/\/visitvisp.ch\/en\/wp-json\/wp\/v2\/types\/page"}],"author":[{"embeddable":true,"href":"https:\/\/visitvisp.ch\/en\/wp-json\/wp\/v2\/users\/5"}],"replies":[{"embeddable":true,"href":"https:\/\/visitvisp.ch\/en\/wp-json\/wp\/v2\/comments?post=4573"}],"version-history":[{"count":22,"href":"https:\/\/visitvisp.ch\/en\/wp-json\/wp\/v2\/pages\/4573\/revisions"}],"predecessor-version":[{"id":13366,"href":"https:\/\/visitvisp.ch\/en\/wp-json\/wp\/v2\/pages\/4573\/revisions\/13366"}],"up":[{"embeddable":true,"href":"https:\/\/visitvisp.ch\/en\/wp-json\/wp\/v2\/pages\/396"}],"wp:attachment":[{"href":"https:\/\/visitvisp.ch\/en\/wp-json\/wp\/v2\/media?parent=4573"}],"curies":[{"name":"wp","href":"https:\/\/api.w.org\/{rel}","templated":true}]}}

Markthäuschen

<p>[et_pb_section fb_built=&#8221;1&#8243; module_class=&#8221;hero-section page-hero-section-image&#8221; _builder_version=&#8221;4.27.0&#8243; _module_preset=&#8221;default&#8221; background_image=&#8221;https://visitvisp.ch/wp-content/uploads/2022/01/MG_0619.jpg&#8221; saved_tabs=&#8221;all&#8221; locked=&#8221;off&#8221; global_colors_info=&#8221;{}&#8221;][et_pb_row _builder_version=&#8221;4.16&#8243; _module_preset=&#8221;default&#8221; global_colors_info=&#8221;{}&#8221;][et_pb_column type=&#8221;4_4&#8243; _builder_version=&#8221;4.16&#8243; _module_preset=&#8221;default&#8221; global_colors_info=&#8221;{}&#8221;][et_pb_text _builder_version=&#8221;4.17.4&#8243; _module_preset=&#8221;default&#8221; global_colors_info=&#8221;{}&#8221;]</p>
<h1>Markthäuschen</h1>
<p>[/et_pb_text][/et_pb_column][/et_pb_row][/et_pb_section][et_pb_section fb_built=&#8221;1&#8243; module_class=&#8221;elementColor-grey400&#8243; _builder_version=&#8221;4.16&#8243; _module_preset=&#8221;default&#8221; global_colors_info=&#8221;{}&#8221;][et_pb_row _builder_version=&#8221;4.16&#8243; _module_preset=&#8221;default&#8221; global_colors_info=&#8221;{}&#8221;][et_pb_column type=&#8221;4_4&#8243; _builder_version=&#8221;4.16&#8243; _module_preset=&#8221;default&#8221; global_colors_info=&#8221;{}&#8221;][et_pb_text module_class=&#8221;font-weight-400&#8243; _builder_version=&#8221;4.24.3&#8243; _module_preset=&#8221;default&#8221; global_colors_info=&#8221;{}&#8221;]</p>
<h4>Für kleinere Anlässe oder auch grössere Veranstaltungen können passende Markthäuschen bei uns gemietet werden.</h4>
<p>[/et_pb_text][/et_pb_column][/et_pb_row][/et_pb_section][et_pb_section fb_built=&#8221;1&#8243; _builder_version=&#8221;4.16&#8243; _module_preset=&#8221;default&#8221; locked=&#8221;off&#8221; global_colors_info=&#8221;{}&#8221;][et_pb_row _builder_version=&#8221;4.16&#8243; _module_preset=&#8221;default&#8221; global_colors_info=&#8221;{}&#8221;][et_pb_column type=&#8221;4_4&#8243; _builder_version=&#8221;4.16&#8243; _module_preset=&#8221;default&#8221; global_colors_info=&#8221;{}&#8221;][et_pb_text _builder_version=&#8221;4.20.0&#8243; _module_preset=&#8221;default&#8221; global_colors_info=&#8221;{}&#8221;]</p>
<h1>Vermietung  Markthäuschen <strong></strong></h1>
<p>[/et_pb_text][/et_pb_column][/et_pb_row][et_pb_row column_structure=&#8221;1_2,1_2&#8243; _builder_version=&#8221;4.16&#8243; _module_preset=&#8221;default&#8221; global_colors_info=&#8221;{}&#8221;][et_pb_column type=&#8221;1_2&#8243; _builder_version=&#8221;4.16&#8243; _module_preset=&#8221;default&#8221; global_colors_info=&#8221;{}&#8221;][et_pb_text _builder_version=&#8221;4.21.0&#8243; _module_preset=&#8221;default&#8221; global_colors_info=&#8221;{}&#8221;]</p>
<h4>Masse vom Markthäuschen</h4>
<p>Die Vielseitigkeit und Verwendungsmöglichkeiten machen unsere charmanten Markthäuschen bei den Ausstellern wie aber auch bei den Organisatoren insbesondere im Oberwallis äusserst beliebt. Sie sind witterungsbeständig und robust. Somit können sie überall eingesetzt werden. Eine Baubewilligung ist für die Häuschen nicht nötig.</p>
<p>&nbsp;</p>
<p>Länge: 2.6 Meter</p>
<p>Breite: 1.6 Meter</p>
<p>Höhe: 2.5 Meter</p>
<p>&nbsp;</p>
<p>[/et_pb_text][et_pb_button button_url=&#8221;https://visitvisp.ch/wp-content/uploads/2025/08/202508_Handout_Markthaeuschen_VGT.pdf&#8221; url_new_window=&#8221;on&#8221; button_text=&#8221;Plan Markthäuschen&#8221; module_class=&#8221;vv-et-btn-accent-outline-light&#8221; _builder_version=&#8221;4.27.0&#8243; _module_preset=&#8221;default&#8221; locked=&#8221;off&#8221; global_colors_info=&#8221;{}&#8221;][/et_pb_button][/et_pb_column][et_pb_column type=&#8221;1_2&#8243; _builder_version=&#8221;4.16&#8243; _module_preset=&#8221;default&#8221; global_colors_info=&#8221;{}&#8221;][et_pb_text module_class=&#8221;vv-simple-table&#8221; _builder_version=&#8221;4.23.1&#8243; _module_preset=&#8221;default&#8221; global_colors_info=&#8221;{}&#8221;]</p>
<h4></h4>
<table class="fwelement fwtable fwtable0 " height="262" cellspacing="0" cellpadding="0" style="width: 416px;">
<tbody>
<tr>
<th style="width: 412px;" colspan="2">Preis (pro Tag/pro Häuschen)</th>
</tr>
<tr>
<td class="i0 c0 r2 f" style="width: 260.344px;">1-3 Tage</td>
<td class="i0 c1 r2" style="width: 149.656px;">CHF 64.–</td>
</tr>
</tbody>
</table>
<p>zzgl. einer Auftragspauschale von 80.-</p>
<p>Beim Mietpreis sind die Transportkosten nicht inklusiv.</p>
<p><a href="mailto:info@visp.ch" target="_blank" rel="noopener"></a>Ab drei Tagen oder für Partner VGT erstellen wir für Sie eine individuelle Offerte.</p>
<p>[/et_pb_text][et_pb_text _builder_version=&#8221;4.17.4&#8243; _module_preset=&#8221;default&#8221; global_colors_info=&#8221;{}&#8221;]</p>
<p>&#8211;&gt; <a href="mailto:info@visp.ch" target="_blank" rel="noopener">Offertenanfrage</a></p>
<p>[/et_pb_text][/et_pb_column][/et_pb_row][et_pb_row column_structure=&#8221;1_4,1_4,1_4,1_4&#8243; _builder_version=&#8221;4.16&#8243; _module_preset=&#8221;default&#8221; global_colors_info=&#8221;{}&#8221;][et_pb_column type=&#8221;1_4&#8243; _builder_version=&#8221;4.16&#8243; _module_preset=&#8221;default&#8221; global_colors_info=&#8221;{}&#8221;][et_pb_image src=&#8221;https://visitvisp.ch/wp-content/uploads/2026/02/Markthaeuschen-VGT-04_Bahnhofstrasse-Visp_Weihnachten.jpg&#8221; title_text=&#8221;Markthäuschen-VGT-04_Bahnhofstrasse-Visp_Weihnachten&#8221; module_class=&#8221;vv-image-wide&#8221; _builder_version=&#8221;4.27.4&#8243; _module_preset=&#8221;default&#8221; hover_enabled=&#8221;0&#8243; global_colors_info=&#8221;{}&#8221; sticky_enabled=&#8221;0&#8243;][/et_pb_image][/et_pb_column][et_pb_column type=&#8221;1_4&#8243; _builder_version=&#8221;4.16&#8243; _module_preset=&#8221;default&#8221; global_colors_info=&#8221;{}&#8221;][et_pb_image src=&#8221;https://visitvisp.ch/wp-content/uploads/2025/08/Visper_Weihnachtsevent_SA_2011_145-2-scaled.jpg&#8221; title_text=&#8221;Visper_Weihnachtsevent_SA_2011_145-2&#8243; align=&#8221;center&#8221; module_class=&#8221;vv-image-wide&#8221; _builder_version=&#8221;4.27.0&#8243; _module_preset=&#8221;default&#8221; global_colors_info=&#8221;{}&#8221;][/et_pb_image][/et_pb_column][et_pb_column type=&#8221;1_4&#8243; _builder_version=&#8221;4.16&#8243; _module_preset=&#8221;default&#8221; global_colors_info=&#8221;{}&#8221;][et_pb_image src=&#8221;https://visitvisp.ch/wp-content/uploads/2026/03/©chrissiest_LB2025XmasMarkt_1270-2-scaled.jpg&#8221; title_text=&#8221;©chrissiest_LB2025XmasMarkt_1270-2&#8243; align=&#8221;center&#8221; module_class=&#8221;vv-image-wide&#8221; _builder_version=&#8221;4.27.4&#8243; _module_preset=&#8221;default&#8221; hover_enabled=&#8221;0&#8243; global_colors_info=&#8221;{}&#8221; url_new_window=&#8221;on&#8221; sticky_enabled=&#8221;0&#8243; admin_label=&#8221;©chrissiest&#8221;][/et_pb_image][/et_pb_column][et_pb_column type=&#8221;1_4&#8243; _builder_version=&#8221;4.16&#8243; _module_preset=&#8221;default&#8221; global_colors_info=&#8221;{}&#8221;][et_pb_image src=&#8221;https://visitvisp.ch/wp-content/uploads/2026/03/©chrissiest_LB2025XmasMarkt_1266-2-scaled.jpg&#8221; title_text=&#8221;©chrissiest_LB2025XmasMarkt_1266-2&#8243; module_class=&#8221;vv-image-wide&#8221; _builder_version=&#8221;4.27.4&#8243; _module_preset=&#8221;default&#8221; hover_enabled=&#8221;0&#8243; global_colors_info=&#8221;{}&#8221; url_new_window=&#8221;on&#8221; sticky_enabled=&#8221;0&#8243; admin_label=&#8221;©chrissiest&#8221;][/et_pb_image][/et_pb_column][/et_pb_row][et_pb_row column_structure=&#8221;1_4,1_4,1_4,1_4&#8243; _builder_version=&#8221;4.16&#8243; _module_preset=&#8221;default&#8221; global_colors_info=&#8221;{}&#8221;][et_pb_column type=&#8221;1_4&#8243; _builder_version=&#8221;4.16&#8243; _module_preset=&#8221;default&#8221; global_colors_info=&#8221;{}&#8221;][et_pb_image src=&#8221;https://visitvisp.ch/wp-content/uploads/2026/03/©chrissiest_LB2025XmasMarkt_1083-2-scaled.jpg&#8221; title_text=&#8221;©chrissiest_LB2025XmasMarkt_1083-2&#8243; module_class=&#8221;vv-image-wide&#8221; _builder_version=&#8221;4.27.4&#8243; _module_preset=&#8221;default&#8221; hover_enabled=&#8221;0&#8243; global_colors_info=&#8221;{}&#8221; url_new_window=&#8221;on&#8221; sticky_enabled=&#8221;0&#8243; admin_label=&#8221;©chrissiest&#8221;][/et_pb_image][/et_pb_column][et_pb_column type=&#8221;1_4&#8243; _builder_version=&#8221;4.16&#8243; _module_preset=&#8221;default&#8221; global_colors_info=&#8221;{}&#8221;][et_pb_image src=&#8221;https://visitvisp.ch/wp-content/uploads/2026/03/©chrissiest_LB2025XmasMarkt_1114-2-scaled.jpg&#8221; title_text=&#8221;©chrissiest_LB2025XmasMarkt_1114-2&#8243; module_class=&#8221;vv-image-wide&#8221; _builder_version=&#8221;4.27.4&#8243; _module_preset=&#8221;default&#8221; hover_enabled=&#8221;0&#8243; global_colors_info=&#8221;{}&#8221; url_new_window=&#8221;on&#8221; sticky_enabled=&#8221;0&#8243; admin_label=&#8221;©chrissiest&#8221;][/et_pb_image][/et_pb_column][et_pb_column type=&#8221;1_4&#8243; _builder_version=&#8221;4.16&#8243; _module_preset=&#8221;default&#8221; global_colors_info=&#8221;{}&#8221;][et_pb_image src=&#8221;https://visitvisp.ch/wp-content/uploads/2026/02/202506-05_Markthaeuschen-VGT_©MarcoGodat.jpg&#8221; title_text=&#8221;202506-05_Markthäuschen-VGT_©MarcoGodat&#8221; align=&#8221;center&#8221; module_class=&#8221;vv-image-wide&#8221; _builder_version=&#8221;4.27.4&#8243; _module_preset=&#8221;default&#8221; global_colors_info=&#8221;{}&#8221;][/et_pb_image][/et_pb_column][et_pb_column type=&#8221;1_4&#8243; _builder_version=&#8221;4.16&#8243; _module_preset=&#8221;default&#8221; global_colors_info=&#8221;{}&#8221;][et_pb_image src=&#8221;https://visitvisp.ch/wp-content/uploads/2025/08/202506-02_Markthaeuschen-VGT.jpg&#8221; title_text=&#8221;202506-02_Markthäuschen-VGT&#8221; module_class=&#8221;vv-image-wide&#8221; _builder_version=&#8221;4.27.0&#8243; _module_preset=&#8221;default&#8221; global_colors_info=&#8221;{}&#8221;][/et_pb_image][/et_pb_column][/et_pb_row][/et_pb_section]</p>

<p>MarkthäuschenFür kleinere Anlässe oder auch grössere Veranstaltungen können passende Markthäuschen bei uns gemietet werden.Vermietung  Markthäuschen Masse vom Markthäuschen Die Vielseitigkeit und Verwendungsmöglichkeiten machen unsere charmanten Markthäuschen bei den Ausstellern wie aber auch bei den Organisatoren insbesondere im Oberwallis äusserst beliebt. Sie sind witterungsbeständig und robust. Somit können sie überall eingesetzt werden. Eine Baubewilligung ist für die [&hellip;]</p>
